{"id":9,"date":"2014-03-11T17:30:41","date_gmt":"2014-03-11T16:30:41","guid":{"rendered":"http:\/\/jeanbaphoto.fr\/blog\/?page_id=9"},"modified":"2014-05-05T00:17:08","modified_gmt":"2014-05-04T22:17:08","slug":"a-propos","status":"publish","type":"page","link":"https:\/\/jeanbaphoto.fr\/blog\/a-propos\/","title":{"rendered":"\u00e0 propos"},"content":{"rendered":"<p>Photographe touche \u00e0 tout passionn\u00e9, j&rsquo;ai toujours aim\u00e9 me servir de mes dix doigts et comprendre comment les choses fonctionnent.<br \/>\nJe compte \u00e9crire ici des articles \u00e0 propos de mat\u00e9riels en rapport avec la photographie, de r\u00e9alisations personnelles, modifications d&rsquo;appareils notamment, et diffuser d&rsquo;une mani\u00e8re g\u00e9n\u00e9rale connaissances et informations sur la photographie qui me semblent utiles, aussi bien th\u00e9oriques que pratiques, en esp\u00e9rant que \u00e7a puisse servir ou simplement inspirer le lecteur.<\/p>\n","protected":false},"excerpt":{"rendered":"<p>Photographe touche \u00e0 tout passionn\u00e9, j&rsquo;ai toujours aim\u00e9 me servir de mes dix doigts et comprendre comment les choses fonctionnent. Je compte \u00e9crire ici des articles \u00e0 propos de mat\u00e9riels en rapport avec la photographie, de r\u00e9alisations personnelles, modifications d&rsquo;appareils notamment, et diffuser d&rsquo;une mani\u00e8re g\u00e9n\u00e9rale connaissances et informations sur la photographie qui me semblent [&hellip;]<\/p>\n","protected":false},"author":1,"featured_media":0,"parent":0,"menu_order":0,"comment_status":"open","ping_status":"open","template":"","meta":{"footnotes":""},"_links":{"self":[{"href":"https:\/\/jeanbaphoto.fr\/blog\/wp-json\/wp\/v2\/pages\/9"}],"collection":[{"href":"https:\/\/jeanbaphoto.fr\/blog\/wp-json\/wp\/v2\/pages"}],"about":[{"href":"https:\/\/jeanbaphoto.fr\/blog\/wp-json\/wp\/v2\/types\/page"}],"author":[{"embeddable":true,"href":"https:\/\/jeanbaphoto.fr\/blog\/wp-json\/wp\/v2\/users\/1"}],"replies":[{"embeddable":true,"href":"https:\/\/jeanbaphoto.fr\/blog\/wp-json\/wp\/v2\/comments?post=9"}],"version-history":[{"count":5,"href":"https:\/\/jeanbaphoto.fr\/blog\/wp-json\/wp\/v2\/pages\/9\/revisions"}],"predecessor-version":[{"id":105,"href":"https:\/\/jeanbaphoto.fr\/blog\/wp-json\/wp\/v2\/pages\/9\/revisions\/105"}],"wp:attachment":[{"href":"https:\/\/jeanbaphoto.fr\/blog\/wp-json\/wp\/v2\/media?parent=9"}],"curies":[{"name":"wp","href":"https:\/\/api.w.org\/{rel}","templated":true}]}}